18
In base 3, what is -220121021 + 12?
-220121002
In base 13, what is 7 - 5ac?
-5a5
In base 5, what is 43 - 10?
33
In base 3, what is -12 + -101100?
-101112
In base 13, what is -2 - a5?
-a7
In base 6, what is -3 - -1020?
1013
In base 7, what is 2 + 5?
10
In base 11, what is -1 + -a3?
-a4
In base 13, what is c - 45?
-36
In base 5, what is -3114 + 1?
-3113
In base 4, what is 10 - 3?
1
In base 5, what is 3 - -1000?
1003
In base 7, what is -24 + -3?
-30
In base 9, what is 85 - 8?
76
In base 5, what is -13 + 1100?
1032
In base 2, what is 11100011 - -110?
11101001
In base 11, what is 2 - aa?
-a8
In base 15, what is -3c38 + 1?
-3c37
In base 12, what is -7 + -36?
-41
In base 8, what is 42 + -34?
6
In base 2, what is -11010111 + -1011101?
-100110100
In base 5, what is 1 + -2343?
-2342
In base 2, what is -11010011110 - -10?
-11010011100
In base 13, what is 124 + -5?
11c
In base 16, what is 2 + 17?
19
In base 10, what is 4 - -194?
198
In base 13, what is ba - 1?
b9
In base 9, what is -103 - -127?
24
In base 10, what is -7 - 1850?
-1857
In base 2, what is -100101 - -111?
-11110
In base 3, what is 1111 + 2122?
11010
In base 5, what is -2 - -322?
320
In base 6, what is 4 + 51?
55
In base 11, what is -38 + -259?
-296
In base 2, what is -1101100 - 1110?
-1111010
In base 9, what is -328 + 4?
-324
In base 11, what is 2 - -136?
138
In base 2, what is -100 + -1001010001101?
-1001010010001
In base 2, what is 0 + 1011110000?
1011110000
In base 13, what is -4 - 1cb9?
-1cc0
In base 9, what is 3 + -707?
-704
In base 2, what is -10100 + 10?
-10010
In base 7, what is -2 - 20?
-22
In base 3, what is 21 + -120001?
-112210
In base 14, what is 1017 + -3?
1014
In base 13, what is 5 - -13?
18
In base 16, what is -7d - 3?
-80
In base 8, what is 3 - -106?
111
In base 6, what is -45 + 4?
-41
In base 16, what is -4 - -5d7?
5d3
In base 8, what is -110 - 12?
-122
In base 9, what is -180 + -5?
-185
In base 14, what is -28 + -5b?
-85
In base 3, what is -1 - 1220?
-1221
In base 3, what is -11 - 110?
-121
In base 15, what is 2ba - -6?
2c1
In base 4, what is -23 + 3112?
3023
In base 14, what is 1a52 + -5?
1a4b
In base 3, what is 11 + 10202022?
10202110
In base 11, what is 586 - -7?
592
In base 15, what is -9cb - -7?
-9c4
In base 16, what is 2 + -6?
-4
In base 13, what is -10 + 25?
15
In base 10, what is 136 + -5?
131
In base 15, what is 3e8 + 5?
3ed
In base 3, what is -12101001 + -11?
-12101012
In base 14, what is -3 - c9?
-cc
In base 14, what is 8 + -66?
-5c
In base 9, what is 4 + -73?
-68
In base 3, what is -10 - 2010212?
-2010222
In base 10, what is -170 + 2?
-168
In base 7, what is 35 - 2?
33
In base 3, what is 2101 + -11?
2020
In base 12, what is 4 + b58?
b60
In base 15, what is 17 - -1c?
34
In base 10, what is -646 - 5?
-651
In base 8, what is -1067 + 1?
-1066
In base 11, what is 2 - -37?
39
In base 3, what is 2210 - -12?
2222
In base 7, what is 43 - 26?
14
In base 6, what is -253 + 0?
-253
In base 9, what is 2 - 6100?
-6087
In base 10, what is 19294 + 2?
19296
In base 10, what is -5 - -124?
119
In base 13, what is ac - 5?
a7
In base 4, what is -220130 + -21?
-220211
In base 10, what is -425 + -2?
-427
In base 10, what is -293 - -36?
-257
In base 11, what is -32a - 4?
-333
In base 6, what is -45 - 5?
-54
In base 8, what is -4 - 241?
-245
In base 5, what is 24122 - 10?
24112
In base 2, what is 1011100 - 110110?
100110
In base 4, what is -10 - 10210?
-10220
In base 11, what is -2 - 1144?
-1146
In base 6, what is 4 + -1234?
-1230
In base 12, what is 556 + -1?
555
In base 6, what is 22 + 2?
24
In base 13, what is 5 - 298?
-293
In base 5, what is -13 - -120?
102
In base 3, what is 0 + -2000010?
-2000010
In base 7, what is -3 - -353?
350
In base 3, what is -100212222 - -2?
-100212220
In base 14, what is 0 - -478?
478
In base 6, what is 403 - 13?
350
In base 11, what is 9 - -a?
18
In base 2, what is -1 + -10?
-11
In base 13, what is 2 - 638?
-636
In base 14, what is 5 + 11?
16
In base 13, what is -2819 - -2?
-2817
In base 16, what is 34 - -6a?
9e
In base 4, what is 110210 + 10?
110220
In base 16, what is -18 + 1?
-17
In base 12, what is -1 - -429?
428
In base 15, what is -3 + 8?
5
In base 7, what is -5 - -136?
131
In base 2, what is 1101101000 - 101?
1101100011
In base 6, what is -10 - 14?
-24
In base 9, what is 2 - -133?
135
In base 4, what is -10 + 1?
-3
In base 13, what is 4469 - -3?
446c
In base 9, what is -26 + -2?
-28
In base 6, what is 1 - 130?
-125
In base 10, what is -5 - -10?
5
In base 5, what is 322 - 43?
224
In base 2, what is -110110011100 - 10?
-110110011110
In base 11, what is 61a - 4?
616
In base 10, what is -43 - -177?
134
In base 3, what is 211000 + 12?
211012
In base 7, what is -34 - 0?
-34
In base 3, what is -12 + -11121?
-11210
In base 2, what is 110 + 101?
1011
In base 12, what is -2a + -189?
-1b7
In base 10, what is 44 + -33?
11
In base 2, what is -1001011 - -1?
-1001010
In base 5, what is 10142 + -100?
10042
In base 3, what is 11220 + 122?
12112
In base 11, what is -4 + 1625?
1621
In base 9, what is 1 - -137?
138
In base 6, what is -3 - 35310?
-35313
In base 14, what is -31 + -1a?
-4b
In base 16, what is -11 + 8?
-9
In base 5, what is -4344 + -4?
-4403
In base 11, what is 11 - -7?
18
In base 14, what is -536 + -2?
-538
In base 3, what is 10 + -2210?
-2200
In base 7, what is 0 + 3561?
3561
In base 8, what is -117 - 5?
-124
In base 12, what is 8 - 88?
-80
In base 10, what is -1 + 70?
69
In base 10, what is 20 - -23?
43
In base 10, what is 134 - -110?
244
In base 5, what is 10 + 111?
121
In base 13, what is -1ab + -7?
-1b5
In base 7, what is 4 + -132?
-125
In base 7, what is -4524 + 0?
-4524
In base 13, what is 0 - 17a?
-17a
In base 5, what is 3 + -203?
-200
In base 11, what is -374 + 3a?
-335
In base 5, what is -11242 - 11?
-11303
In base 15, what is -5 - -3?
-2
In base 8, what is -116 - 105?
-223
In base 6, what is 1404 + 45?
1453
In base 6, what is -4 + 214?
210
In base 16, what is 0 - 29?
-29
In base 3, what is -211 - -121?
-20
In base 2, what is 0 - -1111110?
1111110
In base 13, what is 90 + 0?
90
In base 3, what is 110 + -2200?
-2020
In base 10, what is 4 + -3?
1
In base 3, what is 10112 - -11202?
22021
In base 6, what is 1204 - 1?
1203
In base 2, what is -1111 - -1100000?
1010001
In base 7, what is -6 + -55?
-64
In base 11, what is 77 - 2?
75
In base 16, what is 259 + 5?
25e
In base 2, what is -1001 - -100001?
11000
In base 11, what is 17 - -525?
541
In base 12, what is 1 - -1986?
1987
In base 3, what is 221 - -101?
1022
In base 10, what is -2702 + 3?
-2699
In base 8, what is 0 - -40?
40
In base 13, what is -15c1 + -3?
-15c4
In base 15, what is 3 - 2a?
-27
In base 10, what is -11 - -66?
55
In base 15, what is 4 + -198?
-194
In base 14, what is -8 - -34?
2a
In base 13, what is 3 - 51?
-4b
In base 2, what is 110010100 + -111?
110001101
In base 11, what is 40a + a?
419
In base 14, what is -791 - -5?
-78a
In base 6, what is -1 - -30?
25
In base 16, what is 2 + -16f?
-16d
In base 7, what is -5 + -20?
-25
In base 4, what is -1313 - -1033?
-220
In base 8, what is -13435 + -2?
-13437
In base 10, what is -18856 - 1?
-18857
In base 4, what is 101 - -11?
112
In base 14, what is -92 - 4?
-96
In base 6, what is -1 + 225?
224
In base 6, what is -21 - -112?
51
In base 9, what is 3 - 55?
-52
In base 7, what is -132 - 150?
-312
In base 16, what is 4 - -154?
158
In base 12, what is 47 + 2?
49
In base 6, what is 1214 + -112?
1102
In base 12, what is 2 - -94?
96
In base 15, what is 0 + -2d?
-2d
In base 11, what is 4791 - -1?
4792
In base 8, what is 14120 + 2?
14122
In base 6, what is -2311 - 0?
-2311
In base 7, what is 6 + -1065?
-1056
In base 10, what is -1 - -395?
394
In base 14, what is -52 + 6?
-4a
In base 11, what is -95 + -1?
-96
In base 13, what is 1 - -9?
a
In base 14, what is 0 + 102?
102
In base 5, what is 213 + -10?
203
In base 16, what is -2518 + 0?
-2518
In base 5, what is -10041 + -32?
-10123
In base 14, what is 2 + 3b3?
3b5
In base 7, what is 3 + -66?
-63
In base 14, what is -5 + 58d?
588
In base 7, what is 1 + 65?
66
In base 10, what is 8 - 193?
-185
In base 3, what is -101120021 + -1?
-101120022
In base 3, what is 110 - -22?
202
In base 2, what is -10 + 1111001011?
1111001001
In base 16, what is 0 - d?
-d
In base 2, what is 1111 - 1000?
111
In base 5, what i